{"version":"1.0","type":"rich","provider_name":"WebTh\u00e9\u00e2tre&nbsp;: Actualit\u00e9 critique des spectacles, th\u00e9\u00e2tre, op\u00e9ra, musique, danse - Paris et r\u00e9gions, Belgique, Espagne","provider_url":"https:\/\/www.webtheatre.fr","title":"Vibrant hommage \u00e0 Ravel","author_name":"Pierre-Ren\u00e9 Serna","width":"1200","height":"800","url":"https:\/\/www.webtheatre.fr\/Vibrant-hommage-a-Ravel","html":"\u003Ch4 class='title'\u003E\u003Ca href='https:\/\/www.webtheatre.fr\/Vibrant-hommage-a-Ravel'\u003EVibrant hommage \u00e0 Ravel\u003C\/a\u003E\u003C\/h4\u003E\u003Cblockquote class='spip'\u003E\n\u003Cp\u003EN\u00c9 EN 1968 \u00c0 SAINT-S\u00c9BASTIEN, le compositeur Ramon Lazkano vit et travaille \u00e0 Paris, cumulant les nationalit\u00e9s espagnole et fran\u00e7aise. Il est d\u00e9j\u00e0 \u00e0 la t\u00eate d\u2019une \u0153uvre abondante. Sa derni\u00e8re pi\u00e8ce, La Main gauche, se veut un op\u00e9ra en hommage \u00e0 Ravel (dont on c\u00e9l\u00e8bre les 150 ans de la naissance), sur un livret de lui-m\u00eame (en fran\u00e7ais bien s\u00fbr) qui reprend la th\u00e9matique du roman biographique Ravel de Jean Echenoz* sur la fin de vie maladive du compositeur du Concerto pour main gauche.&nbsp;(\u2026)\u003C\/p\u003E\n\u003C\/blockquote\u003E\n"}

WebThéâtre&nbsp;: Actualité critique des spectacles, théâtre, opéra, musique, danse - Paris et régions, Belgique, Espagne

Vibrant hommage à Ravel

Pierre-René Serna

<h4 class='title'><a href='https://www.webtheatre.fr/Vibrant-hommage-a-Ravel'>Vibrant hommage à Ravel</a></h4><blockquote class='spip'>
<p>NÉ EN 1968 À SAINT-SÉBASTIEN, le compositeur Ramon Lazkano vit et travaille à Paris, cumulant les nationalités espagnole et française. Il est déjà à la tête d’une œuvre abondante. Sa dernière pièce, La Main gauche, se veut un opéra en hommage à Ravel (dont on célèbre les 150 ans de la naissance), sur un livret de lui-même (en français bien sûr) qui reprend la thématique du roman biographique Ravel de Jean Echenoz* sur la fin de vie maladive du compositeur du Concerto pour main gauche.&nbsp;(…)</p>
</blockquote>
