{"version":"1.0","type":"rich","provider_name":"WebTh\u00e9\u00e2tre&nbsp;: Actualit\u00e9 critique des spectacles, th\u00e9\u00e2tre, op\u00e9ra, musique, danse - Paris et r\u00e9gions, Belgique, Espagne","provider_url":"https:\/\/www.webtheatre.fr","title":"Gustav Mahler&nbsp;: le temps des int\u00e9grales","author_name":"Christian Wasselin","width":"1200","height":"800","url":"https:\/\/www.webtheatre.fr\/Gustav-Mahler-le-temps-des-2540","html":"\u003Ch4 class='title'\u003E\u003Ca href='https:\/\/www.webtheatre.fr\/Gustav-Mahler-le-temps-des-2540'\u003EGustav Mahler&nbsp;: le temps des int\u00e9grales\u003C\/a\u003E\u003C\/h4\u003E\u003Cblockquote class='spip'\u003E\n\u003Cp\u003ELe double anniversaire de Gustav Mahler (1860-1911) est l\u2019occasion pour les maisons de disque de proposer plusieurs int\u00e9grales de l\u2019\u0153uvre du compositeur. Penchons-nous sur celle que vient de publier Emi. \n\u003Cbr class='autobr' \/\u003E\nMahler a bien fait les choses&nbsp;: n\u00e9 en 1860, il nous permet de f\u00eater en 2010 le cent-cinquantenaire de sa naissance&nbsp;; mort en 1911, il nous autorisera \u00e0 c\u00e9l\u00e9brer l\u2019an prochain le centi\u00e8me anniversaire de sa mort.  Deux ann\u00e9es cons\u00e9cutives pour un musicien, voil\u00e0 qui est rare&nbsp;! Chopin et&nbsp;(\u2026)\u003C\/p\u003E\n\u003C\/blockquote\u003E\n"}

WebThéâtre&nbsp;: Actualité critique des spectacles, théâtre, opéra, musique, danse - Paris et régions, Belgique, Espagne

Gustav Mahler&nbsp;: le temps des intégrales

<h4 class='title'><a href='https://www.webtheatre.fr/Gustav-Mahler-le-temps-des-2540'>Gustav Mahler&nbsp;: le temps des intégrales</a></h4><blockquote class='spip'>
<p>Le double anniversaire de Gustav Mahler (1860-1911) est l’occasion pour les maisons de disque de proposer plusieurs intégrales de l’œuvre du compositeur. Penchons-nous sur celle que vient de publier Emi. 
<br class='autobr' />
Mahler a bien fait les choses&nbsp;: né en 1860, il nous permet de fêter en 2010 le cent-cinquantenaire de sa naissance&nbsp;; mort en 1911, il nous autorisera à célébrer l’an prochain le centième anniversaire de sa mort.  Deux années consécutives pour un musicien, voilà qui est rare&nbsp;! Chopin et&nbsp;(…)</p>
</blockquote>
