{"version":"1.0","type":"rich","provider_name":"WebTh\u00e9\u00e2tre&nbsp;: Actualit\u00e9 critique des spectacles, th\u00e9\u00e2tre, op\u00e9ra, musique, danse - Paris et r\u00e9gions, Belgique, Espagne","provider_url":"https:\/\/www.webtheatre.fr","title":"Wagner \u00e0 la foire","author_name":"No\u00ebl Tinazzi","width":"1200","height":"800","url":"http:\/\/www.webtheatre.fr\/Wagner-a-la-foire","html":"\u003Ch4 class='title'\u003E\u003Ca href='http:\/\/www.webtheatre.fr\/Wagner-a-la-foire'\u003EWagner \u00e0 la foire\u003C\/a\u003E\u003C\/h4\u003E\u003Cblockquote class='spip'\u003E\n\u003Cp\u003E&#171;&nbsp;Kolossale Kom\u00f6die&nbsp;&#187;. C\u2019est ainsi que le metteur en sc\u00e8ne allemand Matthias Davids, qui sait de quoi il parle, voit Les Ma\u00eetres chanteurs de Nuremberg dont le Festival de Bayreuth a offert cette ann\u00e9e une nouvelle production. L\u2019op\u00e9ra lest\u00e9 jusqu\u2019\u00e0 pr\u00e9sent d\u2019un lourd passif politique, y devient l\u2019objet d\u2019un pur divertissement, mais pas que. Avec un savant dosage de moments d\u2019intimit\u00e9, de raffinement musical et d\u2019\u00e9clats tapageurs orchestrant un d\u00e9ploiement de moyens, de formes et de couleurs&nbsp;(\u2026)\u003C\/p\u003E\n\u003C\/blockquote\u003E\n"}

WebThéâtre&nbsp;: Actualité critique des spectacles, théâtre, opéra, musique, danse - Paris et régions, Belgique, Espagne

Wagner à la foire

Noël Tinazzi

<h4 class='title'><a href='http://www.webtheatre.fr/Wagner-a-la-foire'>Wagner à la foire</a></h4><blockquote class='spip'>
<p>&#171;&nbsp;Kolossale Komödie&nbsp;&#187;. C’est ainsi que le metteur en scène allemand Matthias Davids, qui sait de quoi il parle, voit Les Maîtres chanteurs de Nuremberg dont le Festival de Bayreuth a offert cette année une nouvelle production. L’opéra lesté jusqu’à présent d’un lourd passif politique, y devient l’objet d’un pur divertissement, mais pas que. Avec un savant dosage de moments d’intimité, de raffinement musical et d’éclats tapageurs orchestrant un déploiement de moyens, de formes et de couleurs&nbsp;(…)</p>
</blockquote>
