{"version":"1.0","type":"rich","provider_name":"WebTh\u00e9\u00e2tre&nbsp;: Actualit\u00e9 critique des spectacles, th\u00e9\u00e2tre, op\u00e9ra, musique, danse - Paris et r\u00e9gions, Belgique, Espagne","provider_url":"https:\/\/www.webtheatre.fr","title":"Sibelius et les autres","author_name":"Christian Wasselin","width":"1200","height":"800","url":"http:\/\/www.webtheatre.fr\/Sibelius-et-les-autres","html":"\u003Ch4 class='title'\u003E\u003Ca href='http:\/\/www.webtheatre.fr\/Sibelius-et-les-autres'\u003ESibelius et les autres\u003C\/a\u003E\u003C\/h4\u003E\u003Cblockquote class='spip'\u003E\n\u003Cp\u003ELES QUATRE CHANSONS PAYSANNES de Stravinsky ayant \u00e9t\u00e9 enlev\u00e9es du programme donn\u00e9 \u00e0 la Philharmonie de Paris le 2 avril, tout commen\u00e7ait donc et tout finissait, ce soir-l\u00e0, par Debussy. On ne finit pas de go\u00fbter les prestiges du Pr\u00e9lude \u00e0 L\u2019Apr\u00e8s-midi d\u2019un faune, m\u00eame si la fl\u00fbte solo de l\u2019Orchestre de Paris se montre d\u2019une moindre sensualit\u00e9, ici, que le cor et le hautbois. Vient ensuite la cr\u00e9ation fran\u00e7aise du Concerto pour cor d\u2019Esa-Pekka Salonen par Stefan Dohr, premier cor de&nbsp;(\u2026)\u003C\/p\u003E\n\u003C\/blockquote\u003E\n"}

WebThéâtre&nbsp;: Actualité critique des spectacles, théâtre, opéra, musique, danse - Paris et régions, Belgique, Espagne

<h4 class='title'><a href='http://www.webtheatre.fr/Sibelius-et-les-autres'>Sibelius et les autres</a></h4><blockquote class='spip'>
<p>LES QUATRE CHANSONS PAYSANNES de Stravinsky ayant été enlevées du programme donné à la Philharmonie de Paris le 2 avril, tout commençait donc et tout finissait, ce soir-là, par Debussy. On ne finit pas de goûter les prestiges du Prélude à L’Après-midi d’un faune, même si la flûte solo de l’Orchestre de Paris se montre d’une moindre sensualité, ici, que le cor et le hautbois. Vient ensuite la création française du Concerto pour cor d’Esa-Pekka Salonen par Stefan Dohr, premier cor de&nbsp;(…)</p>
</blockquote>
