{"version":"1.0","type":"rich","provider_name":"WebTh\u00e9\u00e2tre&nbsp;: Actualit\u00e9 critique des spectacles, th\u00e9\u00e2tre, op\u00e9ra, musique, danse - Paris et r\u00e9gions, Belgique, Espagne","provider_url":"https:\/\/www.webtheatre.fr","title":"Pur de Lars Noren","author_name":"Corinne Denailles","width":"1200","height":"800","url":"http:\/\/www.webtheatre.fr\/Pur-de-Lars-Noren-1873","html":"\u003Ch4 class='title'\u003E\u003Ca href='http:\/\/www.webtheatre.fr\/Pur-de-Lars-Noren-1873'\u003EPur de Lars Noren\u003C\/a\u003E\u003C\/h4\u003E\u003Cblockquote class='spip'\u003E\n\u003Cp\u003ELe Su\u00e9dois Lars Noren  a \u00e9crit en 30 ans pas moins d\u2019une soixantaine de pi\u00e8ces qui toutes, d\u2019une mani\u00e8re ou d\u2019une autre, parlent de l\u2019intimit\u00e9 m\u00eame quand il traite de sujets sociaux comme ce bouleversant Cat\u00e9gorie 3-1 mis en sc\u00e8ne par Jean-Louis Martinelli \u00e0 Nanterre en 2000 qui nous faisait p\u00e9n\u00e9trer au c\u0153ur du d\u00e9sespoir de ces hommes rejet\u00e9s par la soci\u00e9t\u00e9, ou politique comme \u00c0 la m\u00e9moire d\u2019Anna Politkovska\u00efa qu\u2019il a lui-m\u00eame mis en sc\u00e8ne en 2008. Les al\u00e9as de sa vie personnelle l\u2019ont&nbsp;(\u2026)\u003C\/p\u003E\n\u003C\/blockquote\u003E\n"}

WebThéâtre&nbsp;: Actualité critique des spectacles, théâtre, opéra, musique, danse - Paris et régions, Belgique, Espagne

<h4 class='title'><a href='http://www.webtheatre.fr/Pur-de-Lars-Noren-1873'>Pur de Lars Noren</a></h4><blockquote class='spip'>
<p>Le Suédois Lars Noren  a écrit en 30 ans pas moins d’une soixantaine de pièces qui toutes, d’une manière ou d’une autre, parlent de l’intimité même quand il traite de sujets sociaux comme ce bouleversant Catégorie 3-1 mis en scène par Jean-Louis Martinelli à Nanterre en 2000 qui nous faisait pénétrer au cœur du désespoir de ces hommes rejetés par la société, ou politique comme À la mémoire d’Anna Politkovskaïa qu’il a lui-même mis en scène en 2008. Les aléas de sa vie personnelle l’ont&nbsp;(…)</p>
</blockquote>
