{"version":"1.0","type":"rich","provider_name":"WebTh\u00e9\u00e2tre&nbsp;: Actualit\u00e9 critique des spectacles, th\u00e9\u00e2tre, op\u00e9ra, musique, danse - Paris et r\u00e9gions, Belgique, Espagne","provider_url":"https:\/\/www.webtheatre.fr","title":"Patrick Dupond","author_name":"Yves Bourgade","width":"1200","height":"800","url":"http:\/\/www.webtheatre.fr\/Patrick-Dupond","html":"\u003Ch4 class='title'\u003E\u003Ca href='http:\/\/www.webtheatre.fr\/Patrick-Dupond'\u003EPatrick Dupond\u003C\/a\u003E\u003C\/h4\u003E\u003Cblockquote class='spip'\u003E\n\u003Cp\u003E&#171;&nbsp;La derni\u00e8re star de la danse&nbsp;&#187; et &#171;&nbsp;L\u2019enfant terrible de la danse&nbsp;&#187; titrait Le Figaro au lendemain de la mort de Patrick  Dupond le 5 mars 2O2O. &#171;&nbsp;Une \u00e9toile adul\u00e9e au del\u00e0 du monde&nbsp;&#187; commentait  Lib\u00e9ration et  une &#171;&nbsp;L\u00e9gende fran\u00e7aise de la danse&nbsp;&#187; \u00e9crivait Le point  C est dire le niveau de notori\u00e9t\u00e9 qu\u2019avait atteint ce danseur \u00e9toile  qui fit r\u00eaver et rajeunit le public du ballet pendant un quart de si\u00e8cle.  Il est d\u00e9c\u00e9d\u00e9 \u00e0  61 ans d\u2019une &#171;&nbsp;maladie foudroyante&nbsp;&#187;, loin des feux de la rampe,&nbsp;(\u2026)\u003C\/p\u003E\n\u003C\/blockquote\u003E\n"}

WebThéâtre&nbsp;: Actualité critique des spectacles, théâtre, opéra, musique, danse - Paris et régions, Belgique, Espagne

<h4 class='title'><a href='http://www.webtheatre.fr/Patrick-Dupond'>Patrick Dupond</a></h4><blockquote class='spip'>
<p>&#171;&nbsp;La dernière star de la danse&nbsp;&#187; et &#171;&nbsp;L’enfant terrible de la danse&nbsp;&#187; titrait Le Figaro au lendemain de la mort de Patrick  Dupond le 5 mars 2O2O. &#171;&nbsp;Une étoile adulée au delà du monde&nbsp;&#187; commentait  Libération et  une &#171;&nbsp;Légende française de la danse&nbsp;&#187; écrivait Le point  C est dire le niveau de notoriété qu’avait atteint ce danseur étoile  qui fit rêver et rajeunit le public du ballet pendant un quart de siècle.  Il est décédé à  61 ans d’une &#171;&nbsp;maladie foudroyante&nbsp;&#187;, loin des feux de la rampe,&nbsp;(…)</p>
</blockquote>
