{"version":"1.0","type":"rich","provider_name":"WebTh\u00e9\u00e2tre&nbsp;: Actualit\u00e9 critique des spectacles, th\u00e9\u00e2tre, op\u00e9ra, musique, danse - Paris et r\u00e9gions, Belgique, Espagne","provider_url":"https:\/\/www.webtheatre.fr","title":"Netrebko al ballo","author_name":"Christian Wasselin","width":"1200","height":"800","url":"http:\/\/www.webtheatre.fr\/Netrebko-al-ballo","html":"\u003Ch4 class='title'\u003E\u003Ca href='http:\/\/www.webtheatre.fr\/Netrebko-al-ballo'\u003ENetrebko al ballo\u003C\/a\u003E\u003C\/h4\u003E\u003Cblockquote class='spip'\u003E\n\u003Cp\u003EIL NE FAUT PAS SACRIFIER au culte de la vedette. Mais il arrive qu\u2019un interpr\u00e8te, une voix, offre tout \u00e0 coup un lustre bienvenu \u00e0 un spectacle qui jusqu\u2019alors donnait l\u2019impression de pi\u00e9tiner sur place. C\u2019est ce qui arrive \u00e0 l\u2019Op\u00e9ra Bastille o\u00f9, \u00e0 l\u2019occasion de la reprise de la production d\u2019Un ballo in maschera (Un bal masqu\u00e9) de Verdi sign\u00e9e Gilbert Deflo, la routine se brise \u00e0 la faveur d\u2019une apparition. La routine, c\u2019est le premier tableau de l\u2019op\u00e9ra, avec son ch\u0153ur qui chante bien mais&nbsp;(\u2026)\u003C\/p\u003E\n\u003C\/blockquote\u003E\n"}

WebThéâtre&nbsp;: Actualité critique des spectacles, théâtre, opéra, musique, danse - Paris et régions, Belgique, Espagne

<h4 class='title'><a href='http://www.webtheatre.fr/Netrebko-al-ballo'>Netrebko al ballo</a></h4><blockquote class='spip'>
<p>IL NE FAUT PAS SACRIFIER au culte de la vedette. Mais il arrive qu’un interprète, une voix, offre tout à coup un lustre bienvenu à un spectacle qui jusqu’alors donnait l’impression de piétiner sur place. C’est ce qui arrive à l’Opéra Bastille où, à l’occasion de la reprise de la production d’Un ballo in maschera (Un bal masqué) de Verdi signée Gilbert Deflo, la routine se brise à la faveur d’une apparition. La routine, c’est le premier tableau de l’opéra, avec son chœur qui chante bien mais&nbsp;(…)</p>
</blockquote>
