{"version":"1.0","type":"rich","provider_name":"WebTh\u00e9\u00e2tre&nbsp;: Actualit\u00e9 critique des spectacles, th\u00e9\u00e2tre, op\u00e9ra, musique, danse - Paris et r\u00e9gions, Belgique, Espagne","provider_url":"https:\/\/www.webtheatre.fr","title":"Le professionnel","author_name":"Corinne Denailles","width":"1200","height":"800","url":"http:\/\/www.webtheatre.fr\/Le-professionnel-1286","html":"\u003Ch4 class='title'\u003E\u003Ca href='http:\/\/www.webtheatre.fr\/Le-professionnel-1286'\u003ELe professionnel\u003C\/a\u003E\u003C\/h4\u003E\u003Cblockquote class='spip'\u003E\n\u003Cp\u003ECette pi\u00e8ce serbe fait d\u2019abord penser au tr\u00e8s beau film La vie des autres de Florian Henckel von Donnersmarck, une plong\u00e9e dans l\u2019Allemagne de l\u2019Est, \u00e0 l\u2019\u00e9poque o\u00f9 la Stasi s\u00e9vissait et pouvait d\u00e9truire compl\u00e8tement un individu. Mais le traitement est non seulement radicalement diff\u00e9rent mais moins bien ma\u00eetris\u00e9, peut-\u00eatre parce que Dusan Kovacevic oscille entre deux genres et ne pousse pas au bout son id\u00e9e de d\u00e9part tr\u00e8s astucieuse. Il cherche surtout \u00e0 cr\u00e9er un climat, tant\u00f4t installant un&nbsp;(\u2026)\u003C\/p\u003E\n\u003C\/blockquote\u003E\n"}

WebThéâtre&nbsp;: Actualité critique des spectacles, théâtre, opéra, musique, danse - Paris et régions, Belgique, Espagne

<h4 class='title'><a href='http://www.webtheatre.fr/Le-professionnel-1286'>Le professionnel</a></h4><blockquote class='spip'>
<p>Cette pièce serbe fait d’abord penser au très beau film La vie des autres de Florian Henckel von Donnersmarck, une plongée dans l’Allemagne de l’Est, à l’époque où la Stasi sévissait et pouvait détruire complètement un individu. Mais le traitement est non seulement radicalement différent mais moins bien maîtrisé, peut-être parce que Dusan Kovacevic oscille entre deux genres et ne pousse pas au bout son idée de départ très astucieuse. Il cherche surtout à créer un climat, tantôt installant un&nbsp;(…)</p>
</blockquote>
