{"version":"1.0","type":"rich","provider_name":"WebTh\u00e9\u00e2tre&nbsp;: Actualit\u00e9 critique des spectacles, th\u00e9\u00e2tre, op\u00e9ra, musique, danse - Paris et r\u00e9gions, Belgique, Espagne","provider_url":"https:\/\/www.webtheatre.fr","title":"Le Parc, d\u2019Angelin Preljocaj","author_name":"No\u00ebl Tinazzi","width":"1200","height":"800","url":"http:\/\/www.webtheatre.fr\/Le-Parc-d-Angelin-Preljocaj","html":"\u003Ch4 class='title'\u003E\u003Ca href='http:\/\/www.webtheatre.fr\/Le-Parc-d-Angelin-Preljocaj'\u003ELe Parc, d\u2019Angelin Preljocaj\u003C\/a\u003E\u003C\/h4\u003E\u003Cblockquote class='spip'\u003E\n\u003Cp\u003EVoici plus de trente ans, Angelin Preljocaj se demandait d\u00e9j\u00e0 &#171;&nbsp;Qu\u2019en est-il aujourd\u2019hui de l\u2019amour&nbsp;?&nbsp;&#187;. C\u2019\u00e9tait en 1994, en pleine \u00e9poque du sida, lors de la cr\u00e9ation du Parc, sa premi\u00e8re commande pour l\u2019Op\u00e9ra national de Paris. Entre-temps, Le Parc a fait le tour du monde et le chor\u00e9graphe est devenu l\u2019un des artistes f\u00e9tiches du Ballet de l\u2019Op\u00e9ra avec sept \u0153uvres au r\u00e9pertoire. Mais \u00e0 l\u2019heure des r\u00e9seaux sociaux et des rencontres virtuelles la question d\u2019origine n\u2019a rien perdu de son&nbsp;(\u2026)\u003C\/p\u003E\n\u003C\/blockquote\u003E\n"}

WebThéâtre&nbsp;: Actualité critique des spectacles, théâtre, opéra, musique, danse - Paris et régions, Belgique, Espagne

Noël Tinazzi

<h4 class='title'><a href='http://www.webtheatre.fr/Le-Parc-d-Angelin-Preljocaj'>Le Parc, d’Angelin Preljocaj</a></h4><blockquote class='spip'>
<p>Voici plus de trente ans, Angelin Preljocaj se demandait déjà &#171;&nbsp;Qu’en est-il aujourd’hui de l’amour&nbsp;?&nbsp;&#187;. C’était en 1994, en pleine époque du sida, lors de la création du Parc, sa première commande pour l’Opéra national de Paris. Entre-temps, Le Parc a fait le tour du monde et le chorégraphe est devenu l’un des artistes fétiches du Ballet de l’Opéra avec sept œuvres au répertoire. Mais à l’heure des réseaux sociaux et des rencontres virtuelles la question d’origine n’a rien perdu de son&nbsp;(…)</p>
</blockquote>
