{"version":"1.0","type":"rich","provider_name":"WebTh\u00e9\u00e2tre&nbsp;: Actualit\u00e9 critique des spectacles, th\u00e9\u00e2tre, op\u00e9ra, musique, danse - Paris et r\u00e9gions, Belgique, Espagne","provider_url":"https:\/\/www.webtheatre.fr","title":"La mort de Val\u00e8re Novarina","author_name":"Gilles Costaz","width":"1200","height":"800","url":"http:\/\/www.webtheatre.fr\/La-mort-de-Valere-Novarina","html":"\u003Ch4 class='title'\u003E\u003Ca href='http:\/\/www.webtheatre.fr\/La-mort-de-Valere-Novarina'\u003ELa mort de Val\u00e8re Novarina\u003C\/a\u003E\u003C\/h4\u003E\u003Cblockquote class='spip'\u003E\n\u003Cp\u003EN\u00e9 \u00e0 Gen\u00e8ve en 1942 mais de nationalit\u00e9 fran\u00e7aise, Val\u00e8re Novarina vient de s\u2019\u00e9teindre le 17 janvier 2026 \u00e0 l\u2019h\u00f4pital am\u00e9ricain de Neuilly-sur-Seine. C\u2019\u00e9tait un enfant de la Haute-Savoie&nbsp;:  \u00e0 une p\u00e9riode de sa vie, il y retournait souvent pour \u00e9crire dans un chalet sans \u00e9lectricit\u00e9, non loin des animaux avec lesquels il a sans cesse entretenu un dialogue tr\u00e8s secret (il a eu longtemps des entretiens tr\u00e8s litt\u00e9raires avec un cochon&nbsp;! ) L\u2019animalit\u00e9 de l\u2019homme, de l\u2019acteur, du langage, c\u2019est&nbsp;(\u2026)\u003C\/p\u003E\n\u003C\/blockquote\u003E\n"}

WebThéâtre&nbsp;: Actualité critique des spectacles, théâtre, opéra, musique, danse - Paris et régions, Belgique, Espagne

La mort de Valère Novarina

<h4 class='title'><a href='http://www.webtheatre.fr/La-mort-de-Valere-Novarina'>La mort de Valère Novarina</a></h4><blockquote class='spip'>
<p>Né à Genève en 1942 mais de nationalité française, Valère Novarina vient de s’éteindre le 17 janvier 2026 à l’hôpital américain de Neuilly-sur-Seine. C’était un enfant de la Haute-Savoie&nbsp;:  à une période de sa vie, il y retournait souvent pour écrire dans un chalet sans électricité, non loin des animaux avec lesquels il a sans cesse entretenu un dialogue très secret (il a eu longtemps des entretiens très littéraires avec un cochon&nbsp;! ) L’animalité de l’homme, de l’acteur, du langage, c’est&nbsp;(…)</p>
</blockquote>
