{"version":"1.0","type":"rich","provider_name":"WebTh\u00e9\u00e2tre&nbsp;: Actualit\u00e9 critique des spectacles, th\u00e9\u00e2tre, op\u00e9ra, musique, danse - Paris et r\u00e9gions, Belgique, Espagne","provider_url":"https:\/\/www.webtheatre.fr","title":"La mort de Michel Aumont","author_name":"Gilles Costaz","width":"1200","height":"800","url":"http:\/\/www.webtheatre.fr\/La-mort-de-Michel-Aumont","html":"\u003Ch4 class='title'\u003E\u003Ca href='http:\/\/www.webtheatre.fr\/La-mort-de-Michel-Aumont'\u003ELa mort de Michel Aumont\u003C\/a\u003E\u003C\/h4\u003E\u003Cblockquote class='spip'\u003E\n\u003Cp\u003EN\u00e9 le 25 octobre 1936 \u00e0 Paris, Michel Aumont vient de mourir \u00e0 Paris le 28 ao\u00fbt. Un immense, magnifique, colossal com\u00e9dien&nbsp;! Le cin\u00e9ma lui a donn\u00e9, tardivement, une certaine aura (il a jou\u00e9 beaucoup de r\u00f4les secondaires, tellement qu\u2019il en est devenu populaire \u2013 on peut citer Le Placard de Francis Veber). Mais sa vie fut celle d\u2019un g\u00e9ant du th\u00e9\u00e2tre. Une carri\u00e8re coup\u00e9e en deux&nbsp;: il est \u00e0 la Com\u00e9die-Fran\u00e7aise de 1956 \u00e0 1993, puis il part, comme lass\u00e9 d\u2019\u00eatre dans cette grande maison&nbsp;; il joue&nbsp;(\u2026)\u003C\/p\u003E\n\u003C\/blockquote\u003E\n"}

WebThéâtre&nbsp;: Actualité critique des spectacles, théâtre, opéra, musique, danse - Paris et régions, Belgique, Espagne

<h4 class='title'><a href='http://www.webtheatre.fr/La-mort-de-Michel-Aumont'>La mort de Michel Aumont</a></h4><blockquote class='spip'>
<p>Né le 25 octobre 1936 à Paris, Michel Aumont vient de mourir à Paris le 28 août. Un immense, magnifique, colossal comédien&nbsp;! Le cinéma lui a donné, tardivement, une certaine aura (il a joué beaucoup de rôles secondaires, tellement qu’il en est devenu populaire – on peut citer Le Placard de Francis Veber). Mais sa vie fut celle d’un géant du théâtre. Une carrière coupée en deux&nbsp;: il est à la Comédie-Française de 1956 à 1993, puis il part, comme lassé d’être dans cette grande maison&nbsp;; il joue&nbsp;(…)</p>
</blockquote>
