{"version":"1.0","type":"rich","provider_name":"WebTh\u00e9\u00e2tre&nbsp;: Actualit\u00e9 critique des spectacles, th\u00e9\u00e2tre, op\u00e9ra, musique, danse - Paris et r\u00e9gions, Belgique, Espagne","provider_url":"https:\/\/www.webtheatre.fr","title":"La mort de Catherine Samie","author_name":"Gilles Costaz","width":"1200","height":"800","url":"http:\/\/www.webtheatre.fr\/La-mort-de-Catherine-Satie","html":"\u003Ch4 class='title'\u003E\u003Ca href='http:\/\/www.webtheatre.fr\/La-mort-de-Catherine-Satie'\u003ELa mort de Catherine Samie\u003C\/a\u003E\u003C\/h4\u003E\u003Cblockquote class='spip'\u003E\n\u003Cp\u003EL\u2019une des grandes figures de la Com\u00e9die-Fran\u00e7aise vient de nous quitter. N\u00e9e \u00e0 Paris en 1933, elle est morte dans la m\u00eame ville le 11 janvier de cette ann\u00e9e. Elle \u00e9tait entr\u00e9e \u00e0 la Com\u00e9die-Fran\u00e7aise en 1956, n\u2019avait jamais quitt\u00e9 le premier th\u00e9\u00e2tre national, en \u00e9tait devenue &#171;&nbsp;le doyen&nbsp;&#187; en 1989, avait obtenu de partir \u00e0 la retraite en 2007 mais \u00e9tait revenue jouer en 2012 pour interpr\u00e9ter Ase dans un spectacle du Fran\u00e7ais hors les murs, le Peer Gynt d\u2019Ibsen qui occupait avec \u00e9clat l\u2019une des&nbsp;(\u2026)\u003C\/p\u003E\n\u003C\/blockquote\u003E\n"}

WebThéâtre&nbsp;: Actualité critique des spectacles, théâtre, opéra, musique, danse - Paris et régions, Belgique, Espagne

<h4 class='title'><a href='http://www.webtheatre.fr/La-mort-de-Catherine-Satie'>La mort de Catherine Samie</a></h4><blockquote class='spip'>
<p>L’une des grandes figures de la Comédie-Française vient de nous quitter. Née à Paris en 1933, elle est morte dans la même ville le 11 janvier de cette année. Elle était entrée à la Comédie-Française en 1956, n’avait jamais quitté le premier théâtre national, en était devenue &#171;&nbsp;le doyen&nbsp;&#187; en 1989, avait obtenu de partir à la retraite en 2007 mais était revenue jouer en 2012 pour interpréter Ase dans un spectacle du Français hors les murs, le Peer Gynt d’Ibsen qui occupait avec éclat l’une des&nbsp;(…)</p>
</blockquote>
