{"version":"1.0","type":"rich","provider_name":"WebTh\u00e9\u00e2tre&nbsp;: Actualit\u00e9 critique des spectacles, th\u00e9\u00e2tre, op\u00e9ra, musique, danse - Paris et r\u00e9gions, Belgique, Espagne","provider_url":"https:\/\/www.webtheatre.fr","title":"L&#8217;incoronazione di Poppea","author_name":"Caroline Alexander","width":"1200","height":"800","url":"http:\/\/www.webtheatre.fr\/L-incoronazione-di-Poppea-391","html":"\u003Ch4 class='title'\u003E\u003Ca href='http:\/\/www.webtheatre.fr\/L-incoronazione-di-Poppea-391'\u003EL&#8217;incoronazione di Poppea\u003C\/a\u003E\u003C\/h4\u003E\u003Cblockquote class='spip'\u003E\n\u003Cp\u003EOn ne pouvait r\u00eaver mieux&nbsp;: Ren\u00e9 Jacobs et son Concerto Vocale dans la fosse, Anne-Sofie von Otter (Octavie), Patrizia Ciofi (Popp\u00e9e), Anna Caterina Antonacci (N\u00e9ron), Lawrence Zazzo (Ottone), Antonio Abete (S\u00e9n\u00e8que) Dominique Visse (la nourrice), sur le plateau et l\u2019\u00e9cossais David McVicar,  heureux aux commandes de la mise en sc\u00e8ne. La d\u00e9ception fut \u00e0 la mesure de l\u2019attente. Cruciale. Promesses tenues musicalement pourtant, tant par la direction d\u2019orchestre, en parfaite ad\u00e9quation avec&nbsp;(\u2026)\u003C\/p\u003E\n\u003C\/blockquote\u003E\n"}

WebThéâtre&nbsp;: Actualité critique des spectacles, théâtre, opéra, musique, danse - Paris et régions, Belgique, Espagne

<h4 class='title'><a href='http://www.webtheatre.fr/L-incoronazione-di-Poppea-391'>L&#8217;incoronazione di Poppea</a></h4><blockquote class='spip'>
<p>On ne pouvait rêver mieux&nbsp;: René Jacobs et son Concerto Vocale dans la fosse, Anne-Sofie von Otter (Octavie), Patrizia Ciofi (Poppée), Anna Caterina Antonacci (Néron), Lawrence Zazzo (Ottone), Antonio Abete (Sénèque) Dominique Visse (la nourrice), sur le plateau et l’écossais David McVicar,  heureux aux commandes de la mise en scène. La déception fut à la mesure de l’attente. Cruciale. Promesses tenues musicalement pourtant, tant par la direction d’orchestre, en parfaite adéquation avec&nbsp;(…)</p>
</blockquote>
