{"version":"1.0","type":"rich","provider_name":"WebTh\u00e9\u00e2tre&nbsp;: Actualit\u00e9 critique des spectacles, th\u00e9\u00e2tre, op\u00e9ra, musique, danse - Paris et r\u00e9gions, Belgique, Espagne","provider_url":"https:\/\/www.webtheatre.fr","title":"Grand fracas issu de rien, cr\u00e9ation collective","author_name":"Corinne Denailles","width":"1200","height":"800","url":"http:\/\/www.webtheatre.fr\/Grand-fracas-issu-de-rien-creation","html":"\u003Ch4 class='title'\u003E\u003Ca href='http:\/\/www.webtheatre.fr\/Grand-fracas-issu-de-rien-creation'\u003EGrand fracas issu de rien, cr\u00e9ation collective\u003C\/a\u003E\u003C\/h4\u003E\u003Cblockquote class='spip'\u003E\n\u003Cp\u003EPrenez dans le d\u00e9sordre un percussionniste (Benjamin Sanz), un jongleur (Adrien Mondot), un gymnaste (Lucas Antonellis), une cantatrice coloratur (Sevan Manoukian) qui chante a cappella parfois dans des positions acrobatiques, une vid\u00e9aste (Claire Bardainne) qui manipule \u00e0 vue des images virtuelles a\u00e9riennes et po\u00e9tiques, un com\u00e9dien (Dominique Parent) qui lance comme au porte-voix des extraits de texte de Val\u00e8re Novarina ou chante en duo avec la cantatrice sous les pal\u00e9tuviers roses&nbsp;(\u2026)\u003C\/p\u003E\n\u003C\/blockquote\u003E\n"}

WebThéâtre&nbsp;: Actualité critique des spectacles, théâtre, opéra, musique, danse - Paris et régions, Belgique, Espagne

Grand fracas issu de rien, création collective

<h4 class='title'><a href='http://www.webtheatre.fr/Grand-fracas-issu-de-rien-creation'>Grand fracas issu de rien, création collective</a></h4><blockquote class='spip'>
<p>Prenez dans le désordre un percussionniste (Benjamin Sanz), un jongleur (Adrien Mondot), un gymnaste (Lucas Antonellis), une cantatrice coloratur (Sevan Manoukian) qui chante a cappella parfois dans des positions acrobatiques, une vidéaste (Claire Bardainne) qui manipule à vue des images virtuelles aériennes et poétiques, un comédien (Dominique Parent) qui lance comme au porte-voix des extraits de texte de Valère Novarina ou chante en duo avec la cantatrice sous les palétuviers roses&nbsp;(…)</p>
</blockquote>
