{"version":"1.0","type":"rich","provider_name":"WebTh\u00e9\u00e2tre&nbsp;: Actualit\u00e9 critique des spectacles, th\u00e9\u00e2tre, op\u00e9ra, musique, danse - Paris et r\u00e9gions, Belgique, Espagne","provider_url":"https:\/\/www.webtheatre.fr","title":"G\u00e9n\u00e9reux spectacle&nbsp;!","author_name":"Pierre-Ren\u00e9 Serna","width":"1200","height":"800","url":"http:\/\/www.webtheatre.fr\/Genereux-spectacle","html":"\u003Ch4 class='title'\u003E\u003Ca href='http:\/\/www.webtheatre.fr\/Genereux-spectacle'\u003EG\u00e9n\u00e9reux spectacle&nbsp;!\u003C\/a\u003E\u003C\/h4\u003E\u003Cblockquote class='spip'\u003E\n\u003Cp\u003EEN 1720, EST DONN\u00c9 \u00c0 VENISE L\u2019AVARE, mise en op\u00e9ra de L\u2019Avare  de Moli\u00e8re (cr\u00e9\u00e9, lui, en 1668). Selon la musique de Francesco Gasparini (1661-1727) et le livret en italien d\u2019Antonio Salvi (1664-1724), l\u2019action de cet intermezzo est transpos\u00e9e en fa\u00e7on de com\u00e9die lyrique l\u00e9g\u00e8re, \u00e9court\u00e9e dans sa trame qui fait une large part \u00e0 la protagoniste f\u00e9minine. Le spectacle de cette red\u00e9couverte de l\u2019\u0153uvre (oubli\u00e9e jusqu\u2019\u00e0 nos jours) a \u00e9t\u00e9 cr\u00e9\u00e9 \u00e0 Caen, avant une tourn\u00e9e dans diff\u00e9rents lieux dont le&nbsp;(\u2026)\u003C\/p\u003E\n\u003C\/blockquote\u003E\n"}

WebThéâtre&nbsp;: Actualité critique des spectacles, théâtre, opéra, musique, danse - Paris et régions, Belgique, Espagne

Généreux spectacle&nbsp;!

Pierre-René Serna

<h4 class='title'><a href='http://www.webtheatre.fr/Genereux-spectacle'>Généreux spectacle&nbsp;!</a></h4><blockquote class='spip'>
<p>EN 1720, EST DONNÉ À VENISE L’AVARE, mise en opéra de L’Avare  de Molière (créé, lui, en 1668). Selon la musique de Francesco Gasparini (1661-1727) et le livret en italien d’Antonio Salvi (1664-1724), l’action de cet intermezzo est transposée en façon de comédie lyrique légère, écourtée dans sa trame qui fait une large part à la protagoniste féminine. Le spectacle de cette redécouverte de l’œuvre (oubliée jusqu’à nos jours) a été créé à Caen, avant une tournée dans différents lieux dont le&nbsp;(…)</p>
</blockquote>
