{"version":"1.0","type":"rich","provider_name":"WebTh\u00e9\u00e2tre&nbsp;: Actualit\u00e9 critique des spectacles, th\u00e9\u00e2tre, op\u00e9ra, musique, danse - Paris et r\u00e9gions, Belgique, Espagne","provider_url":"https:\/\/www.webtheatre.fr","title":"Festival Imago Art et Handicap","author_name":"Gilles Costaz","width":"1200","height":"800","url":"http:\/\/www.webtheatre.fr\/Festival-Imago-Art-et-Handicap","html":"\u003Ch4 class='title'\u003E\u003Ca href='http:\/\/www.webtheatre.fr\/Festival-Imago-Art-et-Handicap'\u003EFestival Imago Art et Handicap\u003C\/a\u003E\u003C\/h4\u003E\u003Cblockquote class='spip'\u003E\n\u003Cp\u003ELe festival Imago Art et Handicap a lieu tous les deux ans. N\u00e9 de la r\u00e9union de deux anciennes manifestations (Orph\u00e9e et Viva la vida), il rayonne sur toute l\u2019Ile-France tout au long du dernier trimestre de l\u2019ann\u00e9e. Il offre 120 \u00e9v\u00e9nements, donn\u00e9s dans 43 lieux des diff\u00e9rents d\u00e9partements et s\u2019appuient sur une cinquantaine de partenaires, dont, avant tout, la R\u00e9gion Ile de France. A sa t\u00eate deux personnalit\u00e9s&nbsp;: Richard Leteurtre et Olivier Couder. Olivier Couder vient de publier un livre,&nbsp;(\u2026)\u003C\/p\u003E\n\u003C\/blockquote\u003E\n"}

WebThéâtre&nbsp;: Actualité critique des spectacles, théâtre, opéra, musique, danse - Paris et régions, Belgique, Espagne

<h4 class='title'><a href='http://www.webtheatre.fr/Festival-Imago-Art-et-Handicap'>Festival Imago Art et Handicap</a></h4><blockquote class='spip'>
<p>Le festival Imago Art et Handicap a lieu tous les deux ans. Né de la réunion de deux anciennes manifestations (Orphée et Viva la vida), il rayonne sur toute l’Ile-France tout au long du dernier trimestre de l’année. Il offre 120 événements, donnés dans 43 lieux des différents départements et s’appuient sur une cinquantaine de partenaires, dont, avant tout, la Région Ile de France. A sa tête deux personnalités&nbsp;: Richard Leteurtre et Olivier Couder. Olivier Couder vient de publier un livre,&nbsp;(…)</p>
</blockquote>
