{"version":"1.0","type":"rich","provider_name":"WebTh\u00e9\u00e2tre&nbsp;: Actualit\u00e9 critique des spectacles, th\u00e9\u00e2tre, op\u00e9ra, musique, danse - Paris et r\u00e9gions, Belgique, Espagne","provider_url":"https:\/\/www.webtheatre.fr","title":"Com\u00e9die-Fran\u00e7aise &amp; Cin\u00e9ma, aller-retour","author_name":"Gilles Costaz","width":"1200","height":"800","url":"http:\/\/www.webtheatre.fr\/Comedie-Francaise-Cinema-aller-retour","html":"\u003Ch4 class='title'\u003E\u003Ca href='http:\/\/www.webtheatre.fr\/Comedie-Francaise-Cinema-aller-retour'\u003ECom\u00e9die-Fran\u00e7aise &amp; Cin\u00e9ma, aller-retour\u003C\/a\u003E\u003C\/h4\u003E\u003Cblockquote class='spip'\u003E\n\u003Cp\u003EA l\u2019occasion du quatre-centi\u00e8me anniversaire du bapt\u00eame de Moli\u00e8re, la Com\u00e9die-Fran\u00e7aise b\u00e9n\u00e9ficie de l\u2019aide bienvenue et du savoir-faire de la fondation J\u00e9r\u00f4me Seydoux-Path\u00e9, qui ouvre au premier th\u00e9\u00e2tre national les portes de son immeuble 1900 consacr\u00e9 aux films d\u2019autrefois et a abondamment pioch\u00e9 dans ses archives. Cela donne l\u2019exposition Com\u00e9die-Fran\u00e7aise &amp; Cin\u00e9ma, aller-retour, qui court de 1908 \u00e0 2022. Des costumes, des statues, des affiches sont sorties des coffres-forts du&nbsp;(\u2026)\u003C\/p\u003E\n\u003C\/blockquote\u003E\n"}

WebThéâtre&nbsp;: Actualité critique des spectacles, théâtre, opéra, musique, danse - Paris et régions, Belgique, Espagne

Comédie-Française &amp; Cinéma, aller-retour

<h4 class='title'><a href='http://www.webtheatre.fr/Comedie-Francaise-Cinema-aller-retour'>Comédie-Française &amp; Cinéma, aller-retour</a></h4><blockquote class='spip'>
<p>A l’occasion du quatre-centième anniversaire du baptême de Molière, la Comédie-Française bénéficie de l’aide bienvenue et du savoir-faire de la fondation Jérôme Seydoux-Pathé, qui ouvre au premier théâtre national les portes de son immeuble 1900 consacré aux films d’autrefois et a abondamment pioché dans ses archives. Cela donne l’exposition Comédie-Française &amp; Cinéma, aller-retour, qui court de 1908 à 2022. Des costumes, des statues, des affiches sont sorties des coffres-forts du&nbsp;(…)</p>
</blockquote>
