{"version":"1.0","type":"rich","provider_name":"WebTh\u00e9\u00e2tre&nbsp;: Actualit\u00e9 critique des spectacles, th\u00e9\u00e2tre, op\u00e9ra, musique, danse - Paris et r\u00e9gions, Belgique, Espagne","provider_url":"https:\/\/www.webtheatre.fr","title":"Carolyn Carlson acad\u00e9micienne","author_name":"Yves Bourgade","width":"1200","height":"800","url":"http:\/\/www.webtheatre.fr\/Carolyn-Carlson-academicienne","html":"\u003Ch4 class='title'\u003E\u003Ca href='http:\/\/www.webtheatre.fr\/Carolyn-Carlson-academicienne'\u003ECarolyn Carlson acad\u00e9micienne\u003C\/a\u003E\u003C\/h4\u003E\u003Cblockquote class='spip'\u003E\n\u003Cp\u003EL\u2019Acad\u00e9mie des Beaux-Arts de l\u2019Institut de France a compl\u00e9t\u00e9  son dispositif en faveur de la danse ce d\u00e9but d\u00e9cembre 2020 en \u00e9lisant Carolyn Carlson au fauteuil IV de sa nouvelle section de chor\u00e9graphie. Elle y rejoint Angelin Preljocaj, Thierry Malandain  et Blanca Li auxquels on peut ajouter le Tch\u00e8que Jiri Kylian, dans la section des membres \u00e9trangers de l\u2019acad\u00e9mie. N\u00e9e Am\u00e9ricaine en 1943 avec des origines finlandaise, elle a la nationalit\u00e9 fran\u00e7aise depuis 2019, mais elle exerce ses&nbsp;(\u2026)\u003C\/p\u003E\n\u003C\/blockquote\u003E\n"}

WebThéâtre&nbsp;: Actualité critique des spectacles, théâtre, opéra, musique, danse - Paris et régions, Belgique, Espagne

Carolyn Carlson académicienne

<h4 class='title'><a href='http://www.webtheatre.fr/Carolyn-Carlson-academicienne'>Carolyn Carlson académicienne</a></h4><blockquote class='spip'>
<p>L’Académie des Beaux-Arts de l’Institut de France a complété  son dispositif en faveur de la danse ce début décembre 2020 en élisant Carolyn Carlson au fauteuil IV de sa nouvelle section de chorégraphie. Elle y rejoint Angelin Preljocaj, Thierry Malandain  et Blanca Li auxquels on peut ajouter le Tchèque Jiri Kylian, dans la section des membres étrangers de l’académie. Née Américaine en 1943 avec des origines finlandaise, elle a la nationalité française depuis 2019, mais elle exerce ses&nbsp;(…)</p>
</blockquote>
