{"version":"1.0","type":"rich","provider_name":"WebTh\u00e9\u00e2tre&nbsp;: Actualit\u00e9 critique des spectacles, th\u00e9\u00e2tre, op\u00e9ra, musique, danse - Paris et r\u00e9gions, Belgique, Espagne","provider_url":"https:\/\/www.webtheatre.fr","title":"Autochtone par le Collectif AOC","author_name":"Corinne Denailles","width":"1200","height":"800","url":"http:\/\/www.webtheatre.fr\/Autochtone-par-le-Collectif-AOC-2280","html":"\u003Ch4 class='title'\u003E\u003Ca href='http:\/\/www.webtheatre.fr\/Autochtone-par-le-Collectif-AOC-2280'\u003EAutochtone par le Collectif AOC\u003C\/a\u003E\u003C\/h4\u003E\u003Cblockquote class='spip'\u003E\n\u003Cp\u003EPour leur troisi\u00e8me cr\u00e9ation collective le collectif AOC a fait appel \u00e0 la chor\u00e9graphe belge Karin Vyncke et au musicien d\u2019origine am\u00e9ricaine, Jules Beckman. C\u2019est dire si le souci de pluridisciplinarit\u00e9 est une des marques de fabrique de la compagnie. Sans raconter une histoire au sens strict du terme, le spectacle plonge d\u2019embl\u00e9e le spectateur dans une ambiance faite de tensions inqui\u00e8tes et de violences latentes, \u00e0 l\u2019image de leur perception du monde moderne&nbsp;: &#171;&nbsp;Dans une soci\u00e9t\u00e9 qui le&nbsp;(\u2026)\u003C\/p\u003E\n\u003C\/blockquote\u003E\n"}

WebThéâtre&nbsp;: Actualité critique des spectacles, théâtre, opéra, musique, danse - Paris et régions, Belgique, Espagne

<h4 class='title'><a href='http://www.webtheatre.fr/Autochtone-par-le-Collectif-AOC-2280'>Autochtone par le Collectif AOC</a></h4><blockquote class='spip'>
<p>Pour leur troisième création collective le collectif AOC a fait appel à la chorégraphe belge Karin Vyncke et au musicien d’origine américaine, Jules Beckman. C’est dire si le souci de pluridisciplinarité est une des marques de fabrique de la compagnie. Sans raconter une histoire au sens strict du terme, le spectacle plonge d’emblée le spectateur dans une ambiance faite de tensions inquiètes et de violences latentes, à l’image de leur perception du monde moderne&nbsp;: &#171;&nbsp;Dans une société qui le&nbsp;(…)</p>
</blockquote>
