{"version":"1.0","type":"rich","provider_name":"WebTh\u00e9\u00e2tre&nbsp;: Actualit\u00e9 critique des spectacles, th\u00e9\u00e2tre, op\u00e9ra, musique, danse - Paris et r\u00e9gions, Belgique, Espagne","provider_url":"https:\/\/www.webtheatre.fr","title":"Attraction de Johann Le Guillerm","author_name":"Corinne Denailles","width":"1200","height":"800","url":"http:\/\/www.webtheatre.fr\/Attraction-de-Johann-Le-Guillerm-2248","html":"\u003Ch4 class='title'\u003E\u003Ca href='http:\/\/www.webtheatre.fr\/Attraction-de-Johann-Le-Guillerm-2248'\u003EAttraction de Johann Le Guillerm\u003C\/a\u003E\u003C\/h4\u003E\u003Cblockquote class='spip'\u003E\n\u003Cp\u003EJohann Le Guillerm est un peu un ovni dans le paysage du cirque contemporain. Sorti de la premi\u00e8re promotion de l\u2019\u00c9cole nationale sup\u00e9rieure des arts du Cirque de Ch\u00e2lons-en-Champagne en 1989 avec les f\u00e9licitations du jury, il  a rejoint Archaos (dont le fondateur, Pierre Bidon, un des piliers de ce qu\u2019on a appel\u00e9 le &#171;&nbsp;nouveau cirque&nbsp;&#187;, vient de d\u00e9c\u00e9der \u00e0 l\u2019\u00e2ge de 56 ans). Puis Le Guillerm a particip\u00e9 \u00e0 la cr\u00e9ation de la Voli\u00e8re Dromesko avec Igor et du Cirque O. En 1994, il cr\u00e9e sa propre&nbsp;(\u2026)\u003C\/p\u003E\n\u003C\/blockquote\u003E\n"}

WebThéâtre&nbsp;: Actualité critique des spectacles, théâtre, opéra, musique, danse - Paris et régions, Belgique, Espagne

<h4 class='title'><a href='http://www.webtheatre.fr/Attraction-de-Johann-Le-Guillerm-2248'>Attraction de Johann Le Guillerm</a></h4><blockquote class='spip'>
<p>Johann Le Guillerm est un peu un ovni dans le paysage du cirque contemporain. Sorti de la première promotion de l’École nationale supérieure des arts du Cirque de Châlons-en-Champagne en 1989 avec les félicitations du jury, il  a rejoint Archaos (dont le fondateur, Pierre Bidon, un des piliers de ce qu’on a appelé le &#171;&nbsp;nouveau cirque&nbsp;&#187;, vient de décéder à l’âge de 56 ans). Puis Le Guillerm a participé à la création de la Volière Dromesko avec Igor et du Cirque O. En 1994, il crée sa propre&nbsp;(…)</p>
</blockquote>
